*p - 4*v + 0*v - 9 = 0. Give y(p).
0
Let y be (-12)/(-6) - (3 - 0). Let k = 28 - 15. Let u(b) = -k - 5 + 18 + b + 10*b**2. Give u(y).
9
Let n(r) = -1 - r**3 - 4 - r**2 + 2. Suppose -3*g - 3 = 3*q, -g + 3*q = 2*g + 15. Let o be g + (3 - 0) - (-2 + 2). Calculate n(o).
-3
Suppose s = 3*s - 14. Suppose 0 = -6*m + s*m - 5. Suppose 0 = -m*u - 16 - 4. Let n(b) = -b**3 - 3*b**2 + 3*b - 1. Calculate n(u).
3
Let p(z) = -5*z + 116. Let r be p(23). Let y(g) = -7*g**3 - 3*g**2 + 2*g - 1. Determine y(r).
-9
Suppose 2 = 2*l - 2. Let t(m) = -4*m + 5*m**2 - 4*m**l + 3 - 4 - 3*m. What is t(6)?
-7
Let l(y) = y - 9. Let n be l(8). Let m(s) be the second derivative of 0 + s + 1/2*s**2 + 0*s**3 + 2/3*s**4. What is m(n)?
9
Let k(g) be the third derivative of 3*g**2 + 1/6*g**3 + 1/6*g**4 + 1/20*g**5 + 0*g + 1/120*g**6 - 1. Determine k(-3).
-11
Let c(h) = -4*h + 1. Let o = 17 - 16. Let d be (-11)/(-11) + o*4. Suppose 5*l + 4*z - 13 = 0, -2*l + l + d*z - 9 = 0. Determine c(l).
-3
Let m be 444/7 + (-12)/28. Let h = -68 + m. Let u(b) = b**3 + 6*b**2 + 4*b + 2. Determine u(h).
7
Let l(j) be the first derivative of -j**4/4 - 2*j**3 - 5*j**2/2 + 6*j - 100. Suppose -2*z = -3*a + 4, z + 2*a + 2 - 7 = 0. Let k = -6 + z. What is l(k)?
6
Let j(u) = u**3 - u**2 - 2*u. Let i(m) = 9*m - 13. Let k(w) = -26*w + 39. Let x(t) = 17*i(t) + 6*k(t). Let c be x(5). What is j(c)?
-8
Let y(b) be the first derivative of -b**3/3 - b**2 - 3*b - 1. Let m be (0 - 0) + -1 + 0. Let z be -2 - 0 - (m - -2). Give y(z).
-6
Let m(k) = -3*k**2 + k - 15. Let y(f) = f**2 + 5*f + 1. Let r(l) = m(l) + 2*y(l). What is r(9)?
5
Let o = -396 + 399. Let j(z) be the first derivative of -1/2*z**2 - 4*z + o. Give j(-2).
-2
Let n(j) = -j - 2. Suppose 0 = 4*q + 2*g + 78, 5*g = 3*g + 2. Let f = -14 - q. Determine n(f).
-8
Let g(x) be the third derivative of -x**4/8 - x**3/6 + 4*x**2. Suppose -6*c = 18 - 6. Calculate g(c).
5
Let b(t) = -2*t - 6. Let c be b(-4). Let i(k) be the first derivative of -k**4/4 + 4*k**3/3 - 2*k - 171. Calculate i(c).
6
Let q(n) = -7*n + 1. Let p = -29 + 100. Let h = -51 + p. Let w = -19 + h. Give q(w).
-6
Let l be 2/3*(15 - 3). Let m(a) = -2*a**3 - 6 + 7*a + l*a**2 + a**3 - 3*a**2 + 2. Calculate m(6).
2
Suppose -14*w + 34 - 104 = 0. Let y(z) = -z**3 - 4*z**2 + 5*z - 12. What is y(w)?
-12
Let o be 8/(-76) - (-5316)/(-38). Let z be o/(-44) - (-4)/(-22). Let l = z - 4. Let t(w) = -16*w**3 - 2*w - 1. Determine t(l).
17
Let x(d) be the second derivative of -d**4/24 - d**3/2 - 10*d**2 - 26*d. Let n(u) be the first derivative of x(u). Calculate n(0).
-3
Let t(i) be the first derivative of i**4/12 + 3*i**3/2 + 3*i**2/2 - 2*i - 22. Let n(g) be the first derivative of t(g). Calculate n(-5).
-17
Suppose -920 = 27*q - 142*q. Let v(y) = -y**2 - 2. Give v(q).
-66
Let h(g) = -4*g**2 - 9*g - 11. Let a(y) = 3*y**2 + 8*y + 11. Let r(f) = 3*a(f) + 2*h(f). Let n be r(-5). Let c(q) = -4 + n - 5*q + q**2 + q**2. Determine c(3).
5
Let d(b) be the third derivative of -18*b**2 - 1/120*b**6 - 7/60*b**5 + 0 + 0*b**4 + 3/2*b**3 + 0*b. Calculate d(-7).
9
Let k be 1/((-1)/(-6) - 0). Let n(a) = 4*a**2 - 2*a + 9. Let h(t) = t**2 + t + 2. Let j(q) = -3*h(q) + n(q). Calculate j(k).
9
Let b(l) be the third derivative of 1/4*l**5 + 1/24*l**4 - 1/6*l**3 + 0 - 39*l**2 + 0*l. Calculate b(1).
15
Let v(s) be the third derivative of s**6/24 + s**4/24 + s**3/6 + 16*s**2 - s. What is v(-1)?
-5
Suppose 0 = 4*l + 4*t + 16, -5*l + t + 4 = -l. Let r(w) = -2*w**2 + l*w**2 - 5*w**3 + 6*w**3 + 3*w**2 - 4*w - 3. What is r(-3)?
-9
Let k(q) be the third derivative of 1/60*q**5 - 16*q**2 + 0*q**4 + 0 - 1/3*q**3 + 0*q. Calculate k(-2).
2
Suppose 18*l = 10*l + 464. Suppose -l*k + 4 = -54*k. Let o(q) = 19*q - 1. What is o(k)?
18
Let p(q) = 13 - 9*q - 8 + 16 - q**2. Let n be p(-11). Let w(b) = -b**3 + 2*b**2 + b. Determine w(n).
2
Let u = -84 - -89. Let x(r) = -3 - u*r**2 - 5 + 8. Give x(1).
-5
Let f(v) = 13*v**2 - v - 11. Let j(x) = -20*x**2 + 2*x + 12. Let g(c) = 3*f(c) + 2*j(c). Calculate g(3).
-15
Let p(r) = -r + 7. Let d be p(5). Let z(u) be the second derivative of 29*u + 2/3*u**3 + 0*u**2 + 0. Determine z(d).
8
Let q(o) = 6*o**3 + 2*o**2 + 3*o + 12. Let a(i) = -7*i**3 - i**2 - 3*i - 11. Let l(u) = -5*a(u) - 6*q(u). Give l(-7).
4
Let b(h) = -h + 2. Let s(c) = -2*c - 5 - 1 + 2 + 0*c. Let k be s(-5). Suppose -8*r + 7*r = -k. Determine b(r).
-4
Let x(g) = -5*g**2 + 4 + 10 - 7 - 134*g**3 + 133*g**3 + 3*g. Let h(w) = -w**3 + 4*w**2 - 5. Let n be h(4). Give x(n).
-8
Let k(w) = w**2 - 19*w - 24. Let c be k(21). Let g(o) = -11*o + 26*o + 7 - c*o. What is g(6)?
-11
Let l(n) = -n**2 - 7*n - 7. Let b be l(-5). Let c(d) = 2*d**b - 1 - 8*d**2 - 5*d**2 + 17*d**2 + d - d**3. Determine c(-4).
-5
Let h = 74 - 85. Let n(w) = -w - 12. What is n(h)?
-1
Let q(h) = 6*h**3 - h. Suppose 3*v + 2*v - 20 = 0. Suppose -v*z - 4*i = -4, 0 = -z - 0*i - 4*i + 1. Give q(z).
5
Let k(z) be the first derivative of z**3/3 + 4*z**2 - 8*z + 91. Calculate k(-8).
-8
Let y(h) = -12*h - 1. Let f(n) = 12*n + 1. Let d(v) = -v**2 + 2*v + 13. Let u be d(5). Let l = -10 + 7. Let t(p) = l*f(p) + u*y(p). Determine t(-1).
11
Let q be 45/((2 + -3)*1). Let k = -48 - q. Let y(l) = 3*l - 3. Calculate y(k).
-12
Suppose 7 + 95 = 6*p. Suppose s - 5 - p = -5*a, 0 = 2*a + 2*s - 4. Let n(j) = j**3 - 5*j**2. What is n(a)?
0
Let z = -17 - -20. Suppose 0 = -z*g - g + 5*g. Let l(j) = j**3 + j**2 + j - 4. Give l(g).
-4
Suppose -6*g - 2 = -8*g. Let b(c) = 0 - g + c + 3 - 2*c. Determine b(2).
0
Let h(b) be the first derivative of b**4/4 + b**3 - b**2 + 2*b - 218. What is h(2)?
18
Let k(a) be the first derivative of -a**4/4 + 16*a**3/3 + 19*a**2/2 - 36*a + 50. Determine k(17).
-2
Let q(p) = 2 + 499*p + 4*p**2 - 491*p + 9*p**3 - 10*p**3. What is q(6)?
-22
Let r(p) = p**3 + 12*p**2 + 12*p - 3. Suppose 3*x = 11*u - 15*u - 41, 3*u + 3*x = -30. Give r(u).
-14
Let x(o) = -2*o**2 - 7*o - 5. Let r = 129 - 103. Let m = r - 30. Determine x(m).
-9
Let m(y) = -6*y**2 - 13*y + 5. Let r(j) = -5*j**2 - 11*j + 5. Let s(v) = -4*m(v) + 5*r(v). Calculate s(-4).
1
Let k(o) = o**2 - 8*o + 6. Suppose -271 = 11*h - 282. Suppose 2*g - 57 = -3*c + 3*g, -2*g = 3*c - 48. Let z be ((-1)/h)/((-3)/c). What is k(z)?
-6
Let p(q) = -3 + 24*q**2 - 3*q + q**3 - 55*q**2 + 27*q**2. Calculate p(5).
7
Let p(g) be the third derivative of g**8/2240 - g**7/840 - g**6/720 + g**5/60 + 5*g**4/8 + 11*g**2. Let s(u) be the second derivative of p(u). What is s(2)?
12
Suppose 7*u = -3*u + 20. Suppose -5*p + 53 = 4*j, u*p + 20 = 5*j - p. Let f(v) = v**2 - 8*v - 6. Calculate f(j).
-13
Let o = 15 + -29. Let p be ((-1)/(-2))/(1/o). Let w(a) = -a**2 - 6*a - 5. Give w(p).
-12
Let j be 60/(-27) - (-4)/18. Let i(y) be the first derivative of -y**3/3 + y + 8. Let r(h) = -4*h**2 + 7. Let v(o) = -5*i(o) + r(o). Determine v(j).
6
Let w be (4/6)/((-4)/12). Let o(b) = -b**3 + 3*b**2 + 2*b - 3. Let q be o(3). Let v(k) = 4 + q*k - 3*k + 4*k - 2. Determine v(w).
-6
Let j(u) = -u**2 + 4*u - 4. Let r(z) be the second derivative of -8*z - 3*z**2 + 0 + 1/12*z**4 + 1/2*z**3. Let p be r(2). Calculate j(p).
-4
Let j be 365/20 - (-2 + (-18)/(-8)). Let s = 17 - j. Let g(o) = 4*o**2 + o. What is g(s)?
3
Suppose 14*i = 11*i - 15. Let f(j) = -j**2 - 12*j - 2. Let q = -4 + 15. Let d(a) = 3*a**2 + 35*a + 7. Let h(s) = q*f(s) + 4*d(s). What is h(i)?
-9
Let c(m) = m**3 - 4*m**2 - 4*m + 6. Let w be 129/(-4) + 2/8. Let h = -28 - w. Determine c(h).
-10
Let f(k) be the first derivative of -k**2 - k - 2. Let l(i) = -i**2 - 5*i - 1. Let j be (-6)/4 - 35/10. Let o be l(j). Calculate f(o).
1
Let h(u) = 5*u + 4. Let f be 3*-7*(-2 + 3)/(-1). Let j = 18 - f. What is h(j)?
-11
Suppose 50 = 6*a - a. Let g = 13 - a. Let u = -8 + g. Let k(w) = -2*w - 6. Calculate k(u).
4
Let k(m) = m**2 - 2*m + 7. Let g(y) = y + 1. Let r(v) = -2*g(v) + k(v). Let a be r(4). Let i(u) = -u**2 + 6*u + 3. What is i(a)?
8
Let h(j) = -3*j - 28. Let r be h(-6). Let z be 10*1/r*4. Let u(n) = -n - 1. What is u(z)?
3
Let q be ((-48)/(-56))/((-6)/(-28)). Let j be q/(-14) - (-348)/42. Let l be j/(-12) - (-80)/12. Let m(k) = k**3 - 5*k**2 - 7*k + 1. Determine m(l).
-5
Let s = -104 + 132. Suppose -6*h - 4*v + 28 = -4*h, -3*v + 39 = 3*h. Suppose -s + h = 4*z. Let p(f) = -f**3 - 5*f**2 - 5*f. Determine p(z).
4
Let n be (-46)/14 - 6/(-21)